Let b(d) = f(d) + 3*s(d). Calculate b(2).
-14
Let y(u) = -8*u + 2. Let w(m) = 7*m - 1. Let g(d) = 5*w(d) + 4*y(d). Let q(n) = -3*n - 5. Let i(a) = 3*g(a) + 2*q(a). Calculate i(5).
14
Let n(v) = 88*v**2 + 49*v + 98. Let h(k) = -31*k**2 - 16*k - 33. Let u(t) = 17*h(t) + 6*n(t). Determine u(-21).
6
Let t be ((-9)/(-6))/((-6)/(-20)). Let o(p) = 0*p**2 - t*p + 2*p**2 - 3*p**2 + 3. What is o(-6)?
-3
Let f(m) = m + 11. Let p be 46/8*-10 - (-1)/2. Let t = p - -65. Give f(t).
19
Let w(a) = 27*a + 4. Let i(z) = 27*z + 3. Let l(t) = 5*i(t) - 4*w(t). Give l(1).
26
Let t(f) = -2*f**2 - 8*f + 6. Let n be t(-5). Let u(a) = -a**3 - 5*a**2 - 2*a - 1. Calculate u(n).
-9
Let z be -2 + (-15)/(-3) + -4. Let p(r) = 16*r**3 + r**2 + r + 1. What is p(z)?
-15
Let a(v) = 3*v + 1 - 2*v + 1. Suppose 0 = -5*g + 4*l + 31, 0 = 4*g - 2*l - 22 + 2. Suppose g*i = -2*q + 7*q - 23, q = i + 5. Determine a(q).
6
Let h(q) = q**3 + 25*q**2 - 23*q + 73. Let b be h(-26). Let r(a) = a**3 + 4*a**2 - 5*a + 3. Determine r(b).
3
Let f(i) be the second derivative of i**5/20 - i**4/12 - i**3/6 + 4*i**2 - 187*i. Determine f(0).
8
Let v(r) be the first derivative of -4*r**3/3 - r - 46. Let k(t) = t**2 - 7*t - 1. Let d be k(7). What is v(d)?
-5
Let g(c) be the third derivative of c**4/24 + 19*c**3/6 + 3*c**2 - 36. Calculate g(-16).
3
Let q be (-8)/24 - (-134)/(-3). Let r = q + -48. Let k be r/15 + (-1)/(-5). Let d(g) = -g**2 - 6*g - 3. What is d(k)?
-3
Let w(h) be the second derivative of h**4/12 - h**3/3 - 5*h**2/2 + 2*h - 377. Give w(9).
58
Suppose -i = -2*i. Suppose i*m = m - 4*z + 6, -2*m - 4*z = -12. Let w(d) = -m + 8*d - 7*d + d. Determine w(4).
6
Suppose 1 = -5*y + 4*l + 28, -5*l = -4*y + 27. Let m(s) = -4*s**3 - 3*s**3 + 0*s**3 + 6*s**y. Determine m(-1).
1
Let z(j) = -5*j - 1. Let p(h) = 14*h + 2. Let u(l) = 3*p(l) + 8*z(l). Let s be (9/3)/9*6. Give u(s).
2
Let f be 30/(-270) - (-116)/(-9). Let d(a) = -a. Determine d(f).
13
Let c(l) = 2*l**2 + l + 5. Suppose -g - 12 = -10, q - 4 = 2*g. What is c(q)?
5
Let t(u) = -u**3 - u**2 - 2*u - 3. Suppose 4*s + d = 20, 5*s - s = 3*d + 4. Suppose -3*i - 16 = 2*g, 0 = s*g + i + i + 16. Calculate t(g).
5
Let n(s) be the third derivative of s**5/20 + s**4/24 + s**3/3 + 116*s**2. Calculate n(-1).
4
Let g(o) be the first derivative of o**3/3 - o**2/2 - 2*o + 667. Let b(y) = 3*y**3 - 2*y**2 + 2*y - 1. Let i be b(1). Let u = -2 + i. Give g(u).
-2
Let f = -25 - -14. Let p = -4 - f. Let x(n) = -n**2 - n + p*n + 2 - 2*n - 7*n. What is x(-4)?
-2
Let g(w) = 5*w - 1. Suppose -3*a = -a. Suppose a = -2*p - 6 - 6. Let n(l) = -l**2 - 5*l + 5. Let u be n(p). Give g(u).
-6
Let z(x) = -6*x**3 + 2*x + 1. Let j be z(-1). Suppose 3*a + 2 = -2*n, 0 = j*a - 2*n + 4 - 22. Let w(v) = -4*v**2 + a*v**2 - v**2 - 12*v**3 + 2*v**2. Give w(-1).
11
Let z(o) = o - 9. Let j = 15 - 25. Let c be (-1)/(-3) + j/(-6). Let h be (-4 - (-8 - -4))/c. Give z(h).
-9
Let p(y) = -123 - 2*y - y**3 - 2*y**2 - 114 + 235. Calculate p(-2).
2
Suppose 2*g + 0*v - 10 = 2*v, -3*g + 4*v = -10. Suppose -16 = -g*x - 56. Let l(s) = -s**2 - 6*s. What is l(x)?
8
Let i(z) = -13*z**2 - 9*z - 1. Let r(w) = 10*w**2 + 8*w + 1. Let l(c) = -3*i(c) - 4*r(c). Suppose -o + 2*v = -3, -5*o - 3*v - 18 = 6. Calculate l(o).
5
Let d(n) = 5*n**2. Let v be 28/21*39/13. Give d(v).
80
Let q(f) = 18*f**2 - 7*f - 3. Let c(m) = 6*m**2 + 0*m - 5 + 5*m**2 - 11*m + 16*m**2. Let t(a) = -5*c(a) + 8*q(a). Give t(1).
9
Let s(d) = d**3 + d + 1. Let b(k) = k - 1 + 0 - 72*k**2 + 146*k**2 - 73*k**2. Let j(l) = b(l) + s(l). Let i(h) = h - 4. Let u be i(2). Calculate j(u).
-8
Let c(z) = z**3 + z**2 + 4*z + 3. Let f be -2*(-2 - (-9)/2). Let h(q) = -q - 7. Let u be h(f). Calculate c(u).
-9
Let m(b) be the second derivative of 1/2*b**5 + 1/12*b**4 - 1/2*b**2 + 0 - 11*b + 0*b**3. Calculate m(1).
10
Let v(d) be the third derivative of -d**7/840 + d**6/60 - d**5/24 - 8*d**3/3 + 5*d**2. Let i(s) be the first derivative of v(s). Calculate i(5).
0
Let y(k) = -41*k - 8. Let b(s) = -14*s - 3. Let a(f) = -11*b(f) + 4*y(f). Let n(m) = -m + 17. Let o be n(11). Let v(q) = -q + 7. Let l be v(o). Determine a(l).
-9
Let r(y) = 3 + 5*y - y**2 - 2*y**2 - 5 + 4*y**2. Suppose 4*p = -30 + 10. Determine r(p).
-2
Suppose 2*y = -2*y. Let z(p) = -p**2 - 2*p. Let g(u) = -u**2 + 13*u - 10. Let n be g(12). Let f(j) = 3*j**2 + 5*j - 1. Let d(k) = n*f(k) + 5*z(k). What is d(y)?
-2
Let k(v) = -v + 1. Let b(z) be the first derivative of -1/2*z**2 + 1/3*z**3 - 3 - 7*z. Let n be b(-3). Determine k(n).
-4
Let c(v) = -v**3 - 6*v**2 - 7*v - 1. Suppose 0 = -4*j - 21 - 7. Let f(r) = -r**3 - 7*r**2 - 5. Let z be f(j). Calculate c(z).
9
Let d(z) = 4*z**2 - 3 - 3*z**2 + 2*z + 1. Let b be d(-3). Let j(t) = -5*t**2 + 2*t - 5. Let q(w) = 10*w**2 - 4*w + 9. Let f(u) = 7*j(u) + 4*q(u). What is f(b)?
4
Let v(t) = -8 + 13*t + 3*t**2 - 2*t**2 - 5*t. Let z = -5505 - -5496. Determine v(z).
1
Suppose 3*y + 84 = -18. Let u = 32 + y. Let z(b) = 7*b + 1. What is z(u)?
-13
Suppose -b = 0, -b + 12 = 4*r - 0*b. Suppose -7 = 2*s - r. Let y(z) = -3*z**2 + z + 2. Give y(s).
-12
Let p be (-8)/(-32) + 1/(-4). Suppose -3*t = m - 5*m - 5, 4*m - t + 7 = p. Let h(d) = -2*d + 1. Give h(m).
5
Let v(m) = 3*m. Let o = 89 - 45. Let q = o + -41. What is v(q)?
9
Let g(d) be the second derivative of 11*d - 3/2*d**3 + 7/12*d**4 - 1/2*d**2 + 1/20*d**5 + 0. Give g(-8).
7
Let i(l) = 7 - 7*l**2 + 15*l**3 - 6*l**3 - 10*l**3 - 3*l. What is i(-5)?
-28
Let p = 8 + -11. Let w(u) be the first derivative of u**3/2 + 2*u**2 - 5*u - 8. Let j(a) be the first derivative of w(a). Calculate j(p).
-5
Suppose 48 = 5*u - 2*j, 0 = 3*u - 0*u + 4*j - 8. Let g(p) = p**2 - 10*p + 7. Determine g(u).
-9
Let o = 4 + 0. Suppose -o*n + n = 0. Let d(x) = -11*x**3 + 6*x**2 + 6*x. Let a(c) = 20*c**3 - 11*c**2 - 11*c - 1. Let r(f) = 6*a(f) + 11*d(f). Determine r(n).
-6
Let u(q) = -8*q**3 + 24*q**2 - 9*q + 28. Let z be u(3). Let g(n) = 2*n + 5*n + 8*n. Determine g(z).
15
Let b = 159 + -165. Let q(c) be the second derivative of -c**5/20 - 5*c**4/12 + c**3 + 9*c**2/2 - 11*c. What is q(b)?
9
Let v(c) be the second derivative of -c**4/12 + c**3/6 - 5*c**2 - 2*c. Suppose -4*h = -5*l - 20, 15*l + 20 = 10*l. Determine v(h).
-10
Let r(h) = 2*h - 2. Suppose -4 = 2*l - 26. Suppose 10*j = l*j + 5, -53 = 4*v + 5*j. Give r(v).
-16
Let x(j) = 5*j + 3. Let o = -27 + 32. Suppose -o*g + 3 = 13. What is x(g)?
-7
Let q(y) = 4 - 5 - 7 - 238*y + 239*y. Calculate q(4).
-4
Suppose 2*p = -5*g + 58, -p - 4*p - 5*g + 115 = 0. Suppose -14 = -3*w - x, 2*w = 2*x + 1 + p. Let r(i) = i**2 - 8*i + 9. What is r(w)?
-3
Let y(v) = -5*v + 20. Let q(w) = -41*w + 332. Let h be q(8). Give y(h).
0
Let p(o) = 2*o**2 + 96*o + 180. Let s be p(-46). Let v(y) = -5*y - 9. Calculate v(s).
11
Let g(f) be the second derivative of f**5/10 + f**4/12 + f**2 - 4*f - 111. Let u = 4 + -6. Give g(u).
-10
Let g(w) = -5*w**2 + 15*w + 21. Let t(j) = 3*j**2 - j - 1. Let n(c) = g(c) + 2*t(c). Give n(-13).
19
Suppose 110 = -2323*p + 2313*p. Let g(j) = -2*j**2 - 23*j - 3. Determine g(p).
8
Let d(m) = m - 30. Let z be d(18). Let r(a) = -a - 2. Give r(z).
10
Suppose 26*o - 79*o = 0. Let h(q) = -q + 14. Give h(o).
14
Let g(o) be the second derivative of o**5/20 - 11*o**4/12 + 5*o**3/3 + 4*o**2 - 9*o + 5. What is g(10)?
8
Let h(w) = -7*w - 3. Let v = -389 + 391. Determine h(v).
-17
Suppose 6*r + 1 = -l + 4*r, -3*r + 6 = 4*l. Let p(m) = 2*m - 3. Let q(g) = -8*g + 6*g + 2*g + 2*g - 2. Let o(b) = -5*p(b) + 6*q(b). Give o(l).
9
Let z(q) = -q**2 + 7*q - 8. Let d(j) be the second derivative of -j**4/12 - j**2/2 + 24*j. Let u(r) = 2*d(r) - z(r). Determine u(-8).
-2
Let v(d) = -14*d**2 - 1. Let x(a) = -a**3 + 4*a**2 + 3*a + 9. Let k be x(5). Give v(k).
-15
Suppose -6*b + 12 = -0. Let a(o) be the third derivative of 0*o + 0*o**3 + o**b - 1/12*o**4 + 0. Give a(-3).
6
Let k(v) = -v**2 + 14*v + 3. Let p = -295 - -309. What is k(p)?
3
Let k(i) = -6*i - 2. Let j = -76 + 144. Suppose -j*x + 61*x - 14 = 0. What is k(x)?
10
Let j(o) = -33*o - o**3 + 3*o**2 + 36*o + 2 - 5. Give j(3).
6
Let k(d) = d**2 + d - 2. Suppose -2 = -2*g + r + 4, -2*g - 2*r = 0. Suppose -7*m - 2 = -9*m. Suppose g*l + 2 + m = j, -l = 4*j - 12. Determine k(l).
-2
Let c be (-18)/(-12) + (-2)/(-4) - -3. Suppose -3*d + 2*d + 3*t = 12, 2*d - 3*t + 9 = 0. Let w(r) = 5*r 